CRAN Package Check Results for Package RVA

Last updated on 2023-06-07 01:03:36 CEST.

Flavor Version Tinstall Tcheck Ttotal Status Flags
r-devel-linux-x86_64-debian-clang 0.0.5 46.24 500.11 546.35 OK
r-devel-linux-x86_64-debian-gcc 0.0.5 41.60 376.36 417.96 OK
r-devel-linux-x86_64-fedora-clang 0.0.5 751.67 NOTE
r-devel-linux-x86_64-fedora-gcc 0.0.5 739.96 NOTE
r-devel-windows-x86_64 0.0.5 44.00 349.00 393.00 OK
r-patched-linux-x86_64 0.0.5 43.99 467.05 511.04 OK
r-release-linux-x86_64 0.0.5 42.16 475.17 517.33 OK
r-release-macos-arm64 0.0.5 5.00 ERROR
r-release-macos-x86_64 0.0.5 8.00 ERROR
r-release-windows-x86_64 0.0.5 59.00 455.00 514.00 OK
r-oldrel-macos-arm64 0.0.5 12.00 ERROR
r-oldrel-macos-x86_64 0.0.5 312.00 NOTE
r-oldrel-windows-x86_64 0.0.5 61.00 451.00 512.00 OK

Check Details

Version: 0.0.5
Check: package dependencies
Result: NOTE
    Imports includes 22 non-default packages.
    Importing from so many packages makes the package vulnerable to any of
    them becoming unavailable. Move as many as possible to Suggests and
    use conditionally.
Flavor: r-devel-linux-x86_64-fedora-clang

Version: 0.0.5
Check: dependencies in R code
Result: NOTE
    Namespace in Imports field not imported from: ‘XML’
     All declared Imports should be used.
Flavors: r-devel-linux-x86_64-fedora-clang, r-devel-linux-x86_64-fedora-gcc, r-oldrel-macos-x86_64

Version: 0.0.5
Check: package dependencies
Result: ERROR
    Package required but not available: ‘GSVAdata’
    
    See section ‘The DESCRIPTION file’ in the ‘Writing R Extensions’
    manual.
Flavors: r-release-macos-arm64, r-release-macos-x86_64

Version: 0.0.5
Check: package dependencies
Result: ERROR
    Package required but not available: ‘rWikiPathways’
    
    See section ‘The DESCRIPTION file’ in the ‘Writing R Extensions’
    manual.
Flavor: r-oldrel-macos-arm64