CRAN Package Check Results for Package RTTWebClient

Last updated on 2021-09-23 23:50:20 CEST.

Flavor Version Tinstall Tcheck Ttotal Status Flags
r-devel-linux-x86_64-debian-clang 0.1.2 4.18 35.05 39.23 OK
r-devel-linux-x86_64-debian-gcc 0.1.2 3.29 27.25 30.54 OK
r-devel-linux-x86_64-fedora-clang 0.1.2 56.77 NOTE
r-devel-linux-x86_64-fedora-gcc 0.1.2 45.34 NOTE
r-devel-windows-x86_64 0.1.2 8.00 42.00 50.00 OK
r-devel-windows-x86_64-gcc10-UCRT 0.1.2 NOTE
r-patched-linux-x86_64 0.1.2 4.27 32.87 37.14 OK
r-patched-solaris-x86 0.1.2 74.30 NOTE
r-release-linux-x86_64 0.1.2 4.08 32.97 37.05 OK
r-release-macos-arm64 0.1.2 NOTE
r-release-macos-x86_64 0.1.2 NOTE
r-release-windows-ix86+x86_64 0.1.2 11.00 51.00 62.00 OK
r-oldrel-macos-x86_64 0.1.2 NOTE
r-oldrel-windows-ix86+x86_64 0.1.2 9.00 38.00 47.00 OK

Check Details

Version: 0.1.2
Check: dependencies in R code
Result: NOTE
    Namespace in Imports field not imported from: ‘withr’
     All declared Imports should be used.
Flavors: r-devel-linux-x86_64-fedora-clang, r-devel-linux-x86_64-fedora-gcc, r-devel-windows-x86_64-gcc10-UCRT, r-patched-solaris-x86, r-release-macos-arm64, r-release-macos-x86_64, r-oldrel-macos-x86_64