CRAN Package Check Results for Package RTD

Last updated on 2024-07-14 00:55:33 CEST.

Flavor Version Tinstall Tcheck Ttotal Status Flags
r-devel-linux-x86_64-debian-clang 0.4.1 7.23 51.27 58.50 NOTE
r-devel-linux-x86_64-debian-gcc 0.4.1 5.09 37.77 42.86 NOTE
r-devel-linux-x86_64-fedora-clang 0.4.1 73.12 NOTE
r-devel-linux-x86_64-fedora-gcc 0.4.1 89.76 NOTE
r-devel-windows-x86_64 0.4.1 8.00 62.00 70.00 NOTE
r-patched-linux-x86_64 0.4.1 5.23 47.09 52.32 NOTE
r-release-linux-x86_64 0.4.1 3.56 47.60 51.16 NOTE
r-release-macos-arm64 0.4.1 34.00 NOTE
r-release-macos-x86_64 0.4.1 61.00 NOTE
r-release-windows-x86_64 0.4.1 7.00 62.00 69.00 NOTE
r-oldrel-macos-arm64 0.4.1 36.00 NOTE
r-oldrel-macos-x86_64 0.4.1 48.00 NOTE
r-oldrel-windows-x86_64 0.4.1 9.00 67.00 76.00 NOTE

Check Details

Version: 0.4.1
Check: LazyData
Result: NOTE 'LazyData' is specified without a 'data' directory Flavors: r-devel-linux-x86_64-debian-clang, r-devel-linux-x86_64-debian-gcc, r-devel-linux-x86_64-fedora-clang, r-devel-linux-x86_64-fedora-gcc, r-devel-windows-x86_64, r-patched-linux-x86_64, r-release-linux-x86_64, r-release-macos-arm64, r-release-macos-x86_64, r-release-windows-x86_64, r-oldrel-macos-arm64, r-oldrel-macos-x86_64, r-oldrel-windows-x86_64