CRAN Package Check Results for Package RSwissMaps

Last updated on 2021-05-15 23:49:28 CEST.

Flavor Version Tinstall Tcheck Ttotal Status Flags
r-devel-linux-x86_64-debian-clang 0.1.0.1 6.54 51.78 58.32 NOTE
r-devel-linux-x86_64-debian-gcc 0.1.0.1 4.50 39.32 43.82 NOTE
r-devel-linux-x86_64-fedora-clang 0.1.0.1 78.60 NOTE
r-devel-linux-x86_64-fedora-gcc 0.1.0.1 68.06 NOTE
r-devel-windows-ix86+x86_64 0.1.0.1 11.00 67.00 78.00 NOTE
r-devel-windows-x86_64-gcc10-UCRT 0.1.0.1 NOTE
r-patched-linux-x86_64 0.1.0.1 5.24 49.96 55.20 NOTE
r-patched-solaris-x86 0.1.0.1 99.80 NOTE
r-release-linux-x86_64 0.1.0.1 5.26 48.82 54.08 NOTE
r-release-macos-x86_64 0.1.0.1 NOTE
r-release-windows-ix86+x86_64 0.1.0.1 7.00 62.00 69.00 NOTE
r-oldrel-macos-x86_64 0.1.0.1 NOTE
r-oldrel-windows-ix86+x86_64 0.1.0.1 7.00 70.00 77.00 OK

Check Details

Version: 0.1.0.1
Check: package vignettes
Result: NOTE
    Package vignette with placeholder title 'Vignette Title':
     'vignette.Rmd'
Flavors: r-devel-linux-x86_64-debian-clang, r-devel-linux-x86_64-debian-gcc, r-devel-windows-ix86+x86_64, r-patched-linux-x86_64, r-release-linux-x86_64, r-release-windows-ix86+x86_64

Version: 0.1.0.1
Check: for non-standard things in the check directory
Result: NOTE
    Found the following files/directories:
     'mapCH2017.rda'
Flavors: r-devel-linux-x86_64-debian-clang, r-devel-linux-x86_64-debian-gcc, r-devel-linux-x86_64-fedora-clang, r-devel-linux-x86_64-fedora-gcc, r-patched-linux-x86_64, r-patched-solaris-x86, r-release-linux-x86_64

Version: 0.1.0.1
Check: data for non-ASCII characters
Result: NOTE
     Note: found 18627 marked UTF-8 strings
Flavors: r-devel-linux-x86_64-fedora-clang, r-devel-linux-x86_64-fedora-gcc, r-devel-windows-x86_64-gcc10-UCRT, r-patched-solaris-x86, r-release-macos-x86_64, r-oldrel-macos-x86_64