CRAN Package Check Results for Package RSurveillance

Last updated on 2024-07-15 00:49:56 CEST.

Flavor Version Tinstall Tcheck Ttotal Status Flags
r-devel-linux-x86_64-debian-clang 0.2.1 5.07 50.95 56.02 OK
r-devel-linux-x86_64-debian-gcc 0.2.1 3.37 38.05 41.42 OK
r-devel-linux-x86_64-fedora-clang 0.2.1 69.66 NOTE
r-devel-linux-x86_64-fedora-gcc 0.2.1 69.61 NOTE
r-devel-windows-x86_64 0.2.1 6.00 71.00 77.00 OK
r-patched-linux-x86_64 0.2.1 5.34 49.23 54.57 OK
r-release-linux-x86_64 0.2.1 4.11 48.05 52.16 OK
r-release-macos-arm64 0.2.1 23.00 OK
r-release-macos-x86_64 0.2.1 33.00 OK
r-release-windows-x86_64 0.2.1 6.00 71.00 77.00 OK
r-oldrel-macos-arm64 0.2.1 26.00 OK
r-oldrel-macos-x86_64 0.2.1 37.00 OK
r-oldrel-windows-x86_64 0.2.1 8.00 78.00 86.00 OK

Check Details

Version: 0.2.1
Check: dependencies in R code
Result: NOTE Namespace in Imports field not imported from: ‘mc2d’ All declared Imports should be used. Flavors: r-devel-linux-x86_64-fedora-clang, r-devel-linux-x86_64-fedora-gcc