CRAN Package Check Results for Package RSqlParser

Last updated on 2023-05-30 00:59:56 CEST.

Flavor Version Tinstall Tcheck Ttotal Status Flags
r-devel-linux-x86_64-debian-clang 1.5 2.39 27.32 29.71 NOTE
r-devel-linux-x86_64-debian-gcc 1.5 1.69 21.57 23.26 NOTE
r-devel-linux-x86_64-fedora-clang 1.5 37.63 NOTE
r-devel-linux-x86_64-fedora-gcc 1.5 49.88 NOTE
r-devel-windows-x86_64 1.5 3.00 48.00 51.00 NOTE
r-patched-linux-x86_64 1.5 1.47 26.15 27.62 NOTE
r-release-linux-x86_64 1.5 2.27 26.51 28.78 NOTE
r-release-macos-arm64 1.5 24.00 NOTE
r-release-macos-x86_64 1.5 34.00 NOTE
r-release-windows-x86_64 1.5 4.00 48.00 52.00 NOTE
r-oldrel-macos-arm64 1.5 19.00 NOTE
r-oldrel-macos-x86_64 1.5 23.00 NOTE
r-oldrel-windows-x86_64 1.5 3.00 52.00 55.00 NOTE

Check Details

Version: 1.5
Check: LazyData
Result: NOTE
     'LazyData' is specified without a 'data' directory
Flavors: r-devel-linux-x86_64-debian-clang, r-devel-linux-x86_64-debian-gcc, r-devel-linux-x86_64-fedora-clang, r-devel-linux-x86_64-fedora-gcc, r-devel-windows-x86_64, r-patched-linux-x86_64, r-release-linux-x86_64, r-release-macos-arm64, r-release-macos-x86_64, r-release-windows-x86_64, r-oldrel-macos-arm64, r-oldrel-macos-x86_64, r-oldrel-windows-x86_64