CRAN Package Check Results for Package RSNNS

Last updated on 2022-09-25 23:56:24 CEST.

Flavor Version Tinstall Tcheck Ttotal Status Flags
r-devel-linux-x86_64-debian-clang 0.4-14 78.37 56.92 135.29 OK
r-devel-linux-x86_64-debian-gcc 0.4-14 74.26 43.91 118.17 OK
r-devel-linux-x86_64-fedora-clang 0.4-14 252.31 OK
r-devel-linux-x86_64-fedora-gcc 0.4-14 199.55 OK
r-devel-windows-x86_64 0.4-14 121.00 122.00 243.00 OK
r-patched-linux-x86_64 0.4-14 76.30 53.24 129.54 OK
r-release-linux-x86_64 0.4-14 75.32 52.84 128.16 OK
r-release-macos-arm64 0.4-14 56.00 NOTE
r-release-macos-x86_64 0.4-14 72.00 NOTE
r-release-windows-x86_64 0.4-14 135.00 116.00 251.00 OK
r-oldrel-macos-arm64 0.4-14 65.00 NOTE
r-oldrel-macos-x86_64 0.4-14 78.00 NOTE
r-oldrel-windows-ix86+x86_64 0.4-14 220.00 127.00 347.00 OK

Check Details

Version: 0.4-14
Check: installed package size
Result: NOTE
     installed size is 7.2Mb
     sub-directories of 1Mb or more:
     libs 6.2Mb
Flavors: r-release-macos-arm64, r-release-macos-x86_64, r-oldrel-macos-arm64, r-oldrel-macos-x86_64