CRAN Package Check Results for Package RSDA

Last updated on 2021-10-23 23:50:25 CEST.

Flavor Version Tinstall Tcheck Ttotal Status Flags
r-devel-linux-x86_64-debian-clang 3.0.9 22.03 226.92 248.95 OK
r-devel-linux-x86_64-debian-gcc 3.0.9 17.86 164.64 182.50 OK
r-devel-linux-x86_64-fedora-clang 3.0.9 343.33 NOTE
r-devel-linux-x86_64-fedora-gcc 3.0.9 329.17 NOTE
r-devel-windows-x86_64 3.0.9 34.00 300.00 334.00 OK
r-devel-windows-x86_64-gcc10-UCRT 3.0.9 NOTE
r-patched-linux-x86_64 3.0.9 21.53 214.80 236.33 OK
r-patched-solaris-x86 3.0.9 302.70 NOTE
r-release-linux-x86_64 3.0.9 21.01 214.07 235.08 OK
r-release-macos-arm64 3.0.9 NOTE
r-release-macos-x86_64 3.0.9 NOTE
r-release-windows-ix86+x86_64 3.0.9 36.00 297.00 333.00 OK
r-oldrel-macos-x86_64 3.0.9 NOTE
r-oldrel-windows-ix86+x86_64 3.0.9 49.00 300.00 349.00 OK

Check Details

Version: 3.0.9
Check: package dependencies
Result: NOTE
    Imports includes 28 non-default packages.
    Importing from so many packages makes the package vulnerable to any of
    them becoming unavailable. Move as many as possible to Suggests and
    use conditionally.
Flavor: r-devel-linux-x86_64-fedora-clang

Version: 3.0.9
Check: dependencies in R code
Result: NOTE
    Namespace in Imports field not imported from: ‘labelled’
     All declared Imports should be used.
Flavors: r-devel-linux-x86_64-fedora-clang, r-devel-linux-x86_64-fedora-gcc, r-devel-windows-x86_64-gcc10-UCRT, r-patched-solaris-x86, r-release-macos-arm64, r-release-macos-x86_64, r-oldrel-macos-x86_64