CRAN Package Check Results for Package RSAGA

Last updated on 2021-09-15 23:49:56 CEST.

Flavor Version Tinstall Tcheck Ttotal Status Flags
r-devel-linux-x86_64-debian-clang 1.3.0 12.08 82.77 94.85 OK
r-devel-linux-x86_64-debian-gcc 1.3.0 8.95 62.27 71.22 OK
r-devel-linux-x86_64-fedora-clang 1.3.0 120.19 NOTE
r-devel-linux-x86_64-fedora-gcc 1.3.0 108.76 OK
r-devel-windows-x86_64 1.3.0 12.00 99.00 111.00 OK
r-devel-windows-x86_64-gcc10-UCRT 1.3.0 OK
r-patched-linux-x86_64 1.3.0 12.67 79.75 92.42 OK
r-patched-solaris-x86 1.3.0 158.10 OK
r-release-linux-x86_64 1.3.0 12.20 78.77 90.97 OK
r-release-macos-arm64 1.3.0 OK
r-release-macos-x86_64 1.3.0 OK
r-release-windows-ix86+x86_64 1.3.0 24.00 104.00 128.00 OK
r-oldrel-macos-x86_64 1.3.0 OK
r-oldrel-windows-ix86+x86_64 1.3.0 17.00 100.00 117.00 OK

Check Details

Version: 1.3.0
Check: Rd cross-references
Result: NOTE
    Undeclared package ‘sp’ in Rd xrefs
Flavor: r-devel-linux-x86_64-fedora-clang