CRAN Package Check Results for Package RRphylo

Last updated on 2021-09-27 23:50:52 CEST.

Flavor Version Tinstall Tcheck Ttotal Status Flags
r-devel-linux-x86_64-debian-clang 2.5.8 29.17 380.21 409.38 NOTE
r-devel-linux-x86_64-debian-gcc 2.5.8 25.54 265.72 291.26 NOTE
r-devel-linux-x86_64-fedora-clang 2.5.8 495.65 NOTE
r-devel-linux-x86_64-fedora-gcc 2.5.8 456.83 NOTE
r-devel-windows-x86_64 2.5.8 33.00 417.00 450.00 NOTE
r-devel-windows-x86_64-gcc10-UCRT 2.5.8 NOTE
r-patched-linux-x86_64 2.5.8 28.14 366.34 394.48 NOTE
r-patched-solaris-x86 2.5.8 327.20 OK
r-release-linux-x86_64 2.5.8 26.74 367.91 394.65 NOTE
r-release-macos-arm64 2.5.8 NOTE
r-release-macos-x86_64 2.5.8 NOTE
r-release-windows-ix86+x86_64 2.5.8 49.00 570.00 619.00 NOTE
r-oldrel-macos-x86_64 2.5.8 NOTE
r-oldrel-windows-ix86+x86_64 2.5.8 39.00 433.00 472.00 NOTE

Check Details

Version: 2.5.8
Check: package dependencies
Result: NOTE
    Package suggested but not available for checking: 'webshot2'
Flavors: r-devel-linux-x86_64-debian-clang, r-devel-linux-x86_64-debian-gcc, r-devel-linux-x86_64-fedora-clang, r-devel-linux-x86_64-fedora-gcc, r-devel-windows-x86_64, r-devel-windows-x86_64-gcc10-UCRT, r-patched-linux-x86_64, r-release-linux-x86_64, r-release-macos-arm64, r-release-macos-x86_64, r-release-windows-ix86+x86_64, r-oldrel-macos-x86_64, r-oldrel-windows-ix86+x86_64