Last updated on 2023-11-28 00:57:01 CET.
Flavor | Version | Tinstall | Tcheck | Ttotal | Status | Flags |
---|---|---|---|---|---|---|
r-devel-linux-x86_64-debian-clang | 0.4.20 | 340.40 | 66.03 | 406.43 | OK | |
r-devel-linux-x86_64-debian-gcc | 0.4.20 | 205.65 | 55.16 | 260.81 | OK | |
r-devel-linux-x86_64-fedora-clang | 0.4.20 | 595.54 | OK | |||
r-devel-linux-x86_64-fedora-gcc | 0.4.20 | 618.51 | OK | |||
r-devel-windows-x86_64 | 0.4.20 | 187.00 | 190.00 | 377.00 | NOTE | |
r-patched-linux-x86_64 | 0.4.20 | 280.52 | 65.01 | 345.53 | OK | |
r-release-linux-x86_64 | 0.4.20 | 273.33 | 65.66 | 338.99 | OK | |
r-release-macos-arm64 | 0.4.20 | 126.00 | NOTE | |||
r-release-macos-x86_64 | 0.4.20 | 236.00 | NOTE | |||
r-release-windows-x86_64 | 0.4.20 | 216.00 | 184.00 | 400.00 | NOTE | |
r-oldrel-macos-arm64 | 0.4.20 | 118.00 | NOTE | |||
r-oldrel-macos-x86_64 | 0.4.20 | 188.00 | NOTE | |||
r-oldrel-windows-x86_64 | 0.4.20 | 270.00 | 167.00 | 437.00 | OK |
Version: 0.4.20
Check: C++ specification
Result: NOTE
Specified C++11: please drop specification unless essential
Flavors: r-devel-windows-x86_64, r-release-windows-x86_64
Version: 0.4.20
Check: installed package size
Result: NOTE
installed size is 36.2Mb
sub-directories of 1Mb or more:
libs 34.8Mb
Flavors: r-release-macos-arm64, r-release-macos-x86_64, r-oldrel-macos-arm64, r-oldrel-macos-x86_64