CRAN Package Check Results for Package RPS

Last updated on 2021-12-04 23:50:44 CET.

Flavor Version Tinstall Tcheck Ttotal Status Flags
r-devel-linux-x86_64-debian-clang 1.0.1 8.78 117.19 125.97 NOTE
r-devel-linux-x86_64-debian-gcc 1.0.1 7.46 84.39 91.85 NOTE
r-devel-linux-x86_64-fedora-clang 1.0.1 146.10 NOTE
r-devel-linux-x86_64-fedora-gcc 1.0.1 135.95 NOTE
r-devel-windows-x86_64-new-UL 1.0.1 16.00 144.00 160.00 NOTE
r-devel-windows-x86_64-new-TK 1.0.1 NOTE
r-devel-windows-x86_64-old 1.0.1 14.00 103.00 117.00 NOTE
r-patched-linux-x86_64 1.0.1 9.09 100.87 109.96 NOTE
r-release-linux-x86_64 1.0.1 8.23 102.40 110.63 NOTE
r-release-macos-arm64 1.0.1 NOTE
r-release-macos-x86_64 1.0.1 NOTE
r-release-windows-ix86+x86_64 1.0.1 19.00 135.00 154.00 NOTE
r-oldrel-macos-x86_64 1.0.1 NOTE
r-oldrel-windows-ix86+x86_64 1.0.1 19.00 128.00 147.00 OK

Check Details

Version: 1.0.1
Check: LazyData
Result: NOTE
     'LazyData' is specified without a 'data' directory
Flavors: r-devel-linux-x86_64-debian-clang, r-devel-linux-x86_64-debian-gcc, r-devel-linux-x86_64-fedora-clang, r-devel-linux-x86_64-fedora-gcc, r-devel-windows-x86_64-new-UL, r-devel-windows-x86_64-new-TK, r-devel-windows-x86_64-old, r-patched-linux-x86_64, r-release-linux-x86_64, r-release-macos-arm64, r-release-macos-x86_64, r-release-windows-ix86+x86_64

Version: 1.0.1
Check: dependencies in R code
Result: NOTE
    Namespaces in Imports field not imported from:
     ‘ape’ ‘igraph’
     All declared Imports should be used.
Flavors: r-devel-linux-x86_64-fedora-clang, r-devel-linux-x86_64-fedora-gcc, r-devel-windows-x86_64-new-TK, r-release-macos-arm64, r-release-macos-x86_64, r-oldrel-macos-x86_64