CRAN Package Check Results for Package RPPanalyzer

Last updated on 2021-10-27 23:50:38 CEST.

Flavor Version Tinstall Tcheck Ttotal Status Flags
r-devel-linux-x86_64-debian-clang 1.4.7 20.43 154.87 175.30 OK
r-devel-linux-x86_64-debian-gcc 1.4.7 15.63 117.33 132.96 OK
r-devel-linux-x86_64-fedora-clang 1.4.7 222.06 NOTE
r-devel-linux-x86_64-fedora-gcc 1.4.7 206.38 OK
r-devel-windows-x86_64 1.4.7 30.00 201.00 231.00 NOTE
r-devel-windows-x86_64-gcc10-UCRT 1.4.7 OK
r-patched-linux-x86_64 1.4.7 17.63 145.55 163.18 OK
r-patched-solaris-x86 1.4.7 298.30 NOTE
r-release-linux-x86_64 1.4.7 17.71 145.40 163.11 OK
r-release-macos-arm64 1.4.7 NOTE
r-release-macos-x86_64 1.4.7 NOTE
r-release-windows-ix86+x86_64 1.4.7 32.00 194.00 226.00 NOTE
r-oldrel-macos-x86_64 1.4.7 NOTE
r-oldrel-windows-ix86+x86_64 1.4.7 34.00 202.00 236.00 NOTE

Check Details

Version: 1.4.7
Check: installed package size
Result: NOTE
     installed size is 5.4Mb
     sub-directories of 1Mb or more:
     extdata 4.5Mb
Flavors: r-devel-linux-x86_64-fedora-clang, r-devel-windows-x86_64, r-patched-solaris-x86, r-release-macos-arm64, r-release-macos-x86_64, r-release-windows-ix86+x86_64, r-oldrel-macos-x86_64, r-oldrel-windows-ix86+x86_64