CRAN Package Check Results for Package ROracle

Last updated on 2021-12-01 23:51:49 CET.

Flavor Version Tinstall Tcheck Ttotal Status Flags
r-devel-linux-x86_64-debian-clang 1.3-1.1 4.43 35.30 39.73 OK --install=fake --no-examples --no-tests --no-vignettes
r-devel-linux-x86_64-debian-gcc 1.3-1.1 4.19 27.28 31.47 OK --install=fake --no-examples --no-tests --no-vignettes
r-devel-windows-x86_64-new-UL 1.3-1.1 5.00 7.00 12.00 ERROR
r-devel-windows-x86_64-new-TK 1.3-1.1 OK --install=fake
r-devel-windows-x86_64-old 1.3-1 1.00 7.00 8.00 ERROR
r-patched-linux-x86_64 1.3-1.1 5.17 33.50 38.67 OK --no-examples --no-tests --no-vignettes
r-release-linux-x86_64 1.3-1.1 5.05 34.29 39.34 OK --no-examples --no-tests --no-vignettes
r-release-macos-arm64 1.3-1.1 ERROR
r-release-macos-x86_64 1.3-1.1 ERROR
r-oldrel-macos-x86_64 1.3-1.1 ERROR
r-oldrel-windows-ix86+x86_64 1.3-1 2.00 6.00 8.00 ERROR

Check Details

Version: 1.3-1.1
Check: whether package can be installed
Result: ERROR
    Installation failed.
Flavors: r-devel-windows-x86_64-new-UL, r-release-macos-arm64, r-release-macos-x86_64, r-oldrel-macos-x86_64

Version: 1.3-1
Check: whether package can be installed
Result: ERROR
    Installation failed.
Flavors: r-devel-windows-x86_64-old, r-oldrel-windows-ix86+x86_64