CRAN Package Check Results for Package ROpenWeatherMap

Last updated on 2022-01-23 23:50:29 CET.

Flavor Version Tinstall Tcheck Ttotal Status Flags
r-devel-linux-x86_64-debian-clang 1.1 2.52 35.70 38.22 NOTE
r-devel-linux-x86_64-debian-gcc 1.1 2.19 31.20 33.39 NOTE
r-devel-linux-x86_64-fedora-clang 1.1 47.80 NOTE
r-devel-linux-x86_64-fedora-gcc 1.1 36.07 NOTE
r-devel-windows-x86_64-new-UL 1.1 44.00 52.00 96.00 NOTE
r-devel-windows-x86_64-new-TK 1.1 NOTE
r-patched-linux-x86_64 1.1 2.63 35.11 37.74 NOTE
r-release-linux-x86_64 1.1 2.59 34.21 36.80 NOTE
r-release-macos-arm64 1.1 NOTE
r-release-macos-x86_64 1.1 NOTE
r-release-windows-ix86+x86_64 1.1 6.00 45.00 51.00 NOTE
r-oldrel-macos-x86_64 1.1 OK
r-oldrel-windows-ix86+x86_64 1.1 6.00 42.00 48.00 OK

Check Details

Version: 1.1
Check: LazyData
Result: NOTE
     'LazyData' is specified without a 'data' directory
Flavors: r-devel-linux-x86_64-debian-clang, r-devel-linux-x86_64-debian-gcc, r-devel-linux-x86_64-fedora-clang, r-devel-linux-x86_64-fedora-gcc, r-devel-windows-x86_64-new-UL, r-devel-windows-x86_64-new-TK, r-patched-linux-x86_64, r-release-linux-x86_64, r-release-macos-arm64, r-release-macos-x86_64, r-release-windows-ix86+x86_64