CRAN Package Check Results for Package ROpenFIGI

Last updated on 2023-05-30 00:59:56 CEST.

Flavor Version Tinstall Tcheck Ttotal Status Flags
r-devel-linux-x86_64-debian-clang 0.2.8 2.25 25.58 27.83 NOTE
r-devel-linux-x86_64-debian-gcc 0.2.8 1.24 20.51 21.75 NOTE
r-devel-linux-x86_64-fedora-clang 0.2.8 35.55 NOTE
r-devel-linux-x86_64-fedora-gcc 0.2.8 35.75 NOTE
r-devel-windows-x86_64 0.2.8 3.00 42.00 45.00 NOTE
r-patched-linux-x86_64 0.2.8 2.01 24.80 26.81 NOTE
r-release-linux-x86_64 0.2.8 1.68 25.09 26.77 NOTE
r-release-macos-arm64 0.2.8 17.00 NOTE
r-release-macos-x86_64 0.2.8 25.00 NOTE
r-release-windows-x86_64 0.2.8 3.00 44.00 47.00 NOTE
r-oldrel-macos-arm64 0.2.8 18.00 NOTE
r-oldrel-macos-x86_64 0.2.8 23.00 NOTE
r-oldrel-windows-x86_64 0.2.8 3.00 48.00 51.00 NOTE

Check Details

Version: 0.2.8
Check: LazyData
Result: NOTE
     'LazyData' is specified without a 'data' directory
Flavors: r-devel-linux-x86_64-debian-clang, r-devel-linux-x86_64-debian-gcc, r-devel-linux-x86_64-fedora-clang, r-devel-linux-x86_64-fedora-gcc, r-devel-windows-x86_64, r-patched-linux-x86_64, r-release-linux-x86_64, r-release-macos-arm64, r-release-macos-x86_64, r-release-windows-x86_64, r-oldrel-macos-arm64, r-oldrel-macos-x86_64, r-oldrel-windows-x86_64