CRAN Package Check Results for Package ROpenFIGI

Last updated on 2024-05-24 23:54:32 CEST.

Flavor Version Tinstall Tcheck Ttotal Status Flags
r-devel-linux-x86_64-debian-clang 0.2.8 2.19 25.83 28.02 NOTE
r-devel-linux-x86_64-debian-gcc 0.2.8 1.73 20.30 22.03 NOTE
r-devel-linux-x86_64-fedora-clang 0.2.8 35.91 NOTE
r-devel-linux-x86_64-fedora-gcc 0.2.8 33.98 NOTE
r-devel-windows-x86_64 0.2.8 3.00 43.00 46.00 NOTE
r-patched-linux-x86_64 0.2.8 2.05 25.76 27.81 NOTE
r-release-linux-x86_64 0.2.8 2.20 25.03 27.23 NOTE
r-release-macos-arm64 0.2.8 18.00 NOTE
r-release-windows-x86_64 0.2.8 3.00 43.00 46.00 NOTE
r-oldrel-macos-arm64 0.2.8 17.00 NOTE
r-oldrel-macos-x86_64 0.2.8 25.00 NOTE
r-oldrel-windows-x86_64 0.2.8 3.00 42.00 45.00 NOTE

Check Details

Version: 0.2.8
Check: LazyData
Result: NOTE 'LazyData' is specified without a 'data' directory Flavors: r-devel-linux-x86_64-debian-clang, r-devel-linux-x86_64-debian-gcc, r-devel-linux-x86_64-fedora-clang, r-devel-linux-x86_64-fedora-gcc, r-devel-windows-x86_64, r-patched-linux-x86_64, r-release-linux-x86_64, r-release-macos-arm64, r-release-windows-x86_64, r-oldrel-macos-arm64, r-oldrel-macos-x86_64, r-oldrel-windows-x86_64