CRAN Package Check Results for Package RNifti

Last updated on 2022-05-18 23:52:23 CEST.

Flavor Version Tinstall Tcheck Ttotal Status Flags
r-devel-linux-x86_64-debian-clang 1.4.0 32.89 52.26 85.15 OK
r-devel-linux-x86_64-debian-gcc 1.4.0 29.71 39.11 68.82 OK
r-devel-linux-x86_64-fedora-clang 1.4.0 115.08 OK
r-devel-linux-x86_64-fedora-gcc 1.4.0 115.80 OK
r-devel-windows-x86_64 1.4.0 47.00 90.00 137.00 OK
r-patched-linux-x86_64 1.4.0 33.19 49.43 82.62 OK
r-release-linux-x86_64 1.4.0 32.57 49.66 82.23 OK
r-release-macos-arm64 1.4.0 37.00 OK
r-release-macos-x86_64 1.4.0 48.00 NOTE
r-release-windows-x86_64 1.4.0 52.00 93.00 145.00 OK
r-oldrel-macos-arm64 1.4.0 40.00 NOTE
r-oldrel-macos-x86_64 1.4.0 45.00 NOTE
r-oldrel-windows-ix86+x86_64 1.4.0 83.00 111.00 194.00 OK

Check Details

Version: 1.4.0
Check: installed package size
Result: NOTE
     installed size is 5.1Mb
     sub-directories of 1Mb or more:
     libs 3.9Mb
Flavors: r-release-macos-x86_64, r-oldrel-macos-arm64, r-oldrel-macos-x86_64