Last updated on 2023-02-05 23:58:55 CET.
Flavor | Version | Tinstall | Tcheck | Ttotal | Status | Flags |
---|---|---|---|---|---|---|
r-devel-linux-x86_64-debian-clang | 4.0.8 | 334.69 | 171.89 | 506.58 | NOTE | |
r-devel-linux-x86_64-debian-gcc | 4.0.8 | 272.84 | 136.21 | 409.05 | NOTE | |
r-devel-linux-x86_64-fedora-clang | 4.0.8 | 749.80 | NOTE | |||
r-devel-linux-x86_64-fedora-gcc | 4.0.8 | 684.60 | NOTE | |||
r-devel-windows-x86_64 | 4.0.8 | 386.00 | 268.00 | 654.00 | NOTE | |
r-patched-linux-x86_64 | 4.0.8 | 289.88 | 167.36 | 457.24 | OK | |
r-release-linux-x86_64 | 4.0.8 | 297.37 | 167.86 | 465.23 | OK | |
r-release-macos-arm64 | 4.0.8 | 187.00 | NOTE | |||
r-release-macos-x86_64 | 4.0.8 | 232.00 | NOTE | |||
r-release-windows-x86_64 | 4.0.8 | 523.00 | 277.00 | 800.00 | OK | |
r-oldrel-macos-arm64 | 4.0.8 | 196.00 | NOTE | |||
r-oldrel-macos-x86_64 | 4.0.8 | 233.00 | NOTE | |||
r-oldrel-windows-ix86+x86_64 | 4.0.8 | 794.00 | 436.00 | 1230.00 | OK |
Version: 4.0.8
Check: C++ specification
Result: NOTE
Specified C++11: please update to current default of C++17
Flavors: r-devel-linux-x86_64-debian-clang, r-devel-linux-x86_64-debian-gcc, r-devel-linux-x86_64-fedora-clang, r-devel-linux-x86_64-fedora-gcc, r-devel-windows-x86_64
Version: 4.0.8
Check: installed package size
Result: NOTE
installed size is 29.1Mb
sub-directories of 1Mb or more:
libs 29.0Mb
Flavors: r-release-macos-arm64, r-release-macos-x86_64, r-oldrel-macos-arm64, r-oldrel-macos-x86_64