CRAN Package Check Results for Package RKEELjars

Last updated on 2021-05-15 23:49:27 CEST.

Flavor Version Tinstall Tcheck Ttotal Status Flags
r-devel-linux-x86_64-debian-clang 1.0.19 2.43 22.12 24.55 OK
r-devel-linux-x86_64-debian-gcc 1.0.19 2.04 17.30 19.34 OK
r-devel-linux-x86_64-fedora-clang 1.0.19 41.79 NOTE
r-devel-linux-x86_64-fedora-gcc 1.0.19 29.68 OK
r-devel-windows-ix86+x86_64 1.0.19 10.00 32.00 42.00 NOTE
r-devel-windows-x86_64-gcc10-UCRT 1.0.19 OK
r-patched-linux-x86_64 1.0.19 2.61 21.72 24.33 OK
r-release-linux-x86_64 1.0.19 2.42 21.41 23.83 OK
r-release-macos-x86_64 1.0.19 NOTE
r-release-windows-ix86+x86_64 1.0.19 10.00 38.00 48.00 NOTE
r-oldrel-macos-x86_64 1.0.19 NOTE
r-oldrel-windows-ix86+x86_64 1.0.19 8.00 36.00 44.00 NOTE

Check Details

Version: 1.0.19
Check: installed package size
Result: NOTE
     installed size is 23.9Mb
     sub-directories of 1Mb or more:
     exe 23.8Mb
Flavors: r-devel-linux-x86_64-fedora-clang, r-devel-windows-ix86+x86_64, r-release-macos-x86_64, r-release-windows-ix86+x86_64, r-oldrel-macos-x86_64, r-oldrel-windows-ix86+x86_64