CRAN Package Check Results for Package RH2

Last updated on 2021-11-28 23:50:38 CET.

Flavor Version Tinstall Tcheck Ttotal Status Flags
r-devel-linux-x86_64-debian-clang 0.2.4 OK
r-devel-linux-x86_64-debian-gcc 0.2.4 3.77 33.50 37.27 OK
r-devel-linux-x86_64-fedora-clang 0.2.4 71.49 NOTE
r-devel-linux-x86_64-fedora-gcc 0.2.4 59.37 OK
r-devel-windows-x86_64-new-UL 0.2.4 14.00 79.00 93.00 OK
r-devel-windows-x86_64-new-TK 0.2.4 OK
r-devel-windows-x86_64-old 0.2.4 11.00 65.00 76.00 OK
r-patched-linux-x86_64 0.2.4 7.46 41.58 49.04 OK
r-patched-solaris-x86 0.2.4 90.70 OK
r-release-linux-x86_64 0.2.4 5.58 42.41 47.99 OK
r-release-macos-arm64 0.2.4 OK
r-release-macos-x86_64 0.2.4 OK
r-release-windows-ix86+x86_64 0.2.4 14.00 48.00 62.00 OK
r-oldrel-macos-x86_64 0.2.4 OK
r-oldrel-windows-ix86+x86_64 0.2.4 10.00 73.00 83.00 OK

Check Details

Version: 0.2.4
Check: Rd cross-references
Result: NOTE
    Undeclared package ‘DBI’ in Rd xrefs
Flavor: r-devel-linux-x86_64-fedora-clang