CRAN Package Check Results for Package RGreenplum

Last updated on 2021-11-28 23:50:38 CET.

Flavor Version Tinstall Tcheck Ttotal Status Flags
r-devel-linux-x86_64-debian-clang 0.1.2 NOTE
r-devel-linux-x86_64-debian-gcc 0.1.2 4.70 30.04 34.74 NOTE
r-devel-linux-x86_64-fedora-clang 0.1.2 64.21 NOTE
r-devel-linux-x86_64-fedora-gcc 0.1.2 53.01 NOTE
r-devel-windows-x86_64-new-UL 0.1.2 13.00 75.00 88.00 NOTE
r-devel-windows-x86_64-new-TK 0.1.2 NOTE
r-devel-windows-x86_64-old 0.1.2 10.00 60.00 70.00 NOTE
r-patched-linux-x86_64 0.1.2 5.40 36.74 42.14 NOTE
r-patched-solaris-x86 0.1.2 79.40 NOTE
r-release-linux-x86_64 0.1.2 5.60 37.12 42.72 NOTE
r-release-macos-arm64 0.1.2 NOTE
r-release-macos-x86_64 0.1.2 NOTE
r-release-windows-ix86+x86_64 0.1.2 13.00 46.00 59.00 NOTE
r-oldrel-macos-x86_64 0.1.2 OK
r-oldrel-windows-ix86+x86_64 0.1.2 11.00 66.00 77.00 OK

Check Details

Version: 0.1.2
Check: LazyData
Result: NOTE
     'LazyData' is specified without a 'data' directory
Flavors: r-devel-linux-x86_64-debian-clang, r-devel-linux-x86_64-debian-gcc, r-devel-linux-x86_64-fedora-clang, r-devel-linux-x86_64-fedora-gcc, r-devel-windows-x86_64-new-UL, r-devel-windows-x86_64-new-TK, r-devel-windows-x86_64-old, r-patched-linux-x86_64, r-patched-solaris-x86, r-release-linux-x86_64, r-release-macos-arm64, r-release-macos-x86_64, r-release-windows-ix86+x86_64