CRAN Package Check Results for Package RGraphics

Last updated on 2021-10-18 23:49:43 CEST.

Flavor Version Tinstall Tcheck Ttotal Status Flags
r-devel-linux-x86_64-debian-clang 3.0-2 13.02 84.33 97.35 OK
r-devel-linux-x86_64-debian-gcc 3.0-2 9.94 61.71 71.65 OK
r-devel-linux-x86_64-fedora-clang 3.0-2 124.45 OK
r-devel-linux-x86_64-fedora-gcc 3.0-2 110.54 OK
r-devel-windows-x86_64 3.0-2 20.00 100.00 120.00 OK
r-devel-windows-x86_64-gcc10-UCRT 3.0-2 OK
r-patched-linux-x86_64 3.0-2 12.57 78.69 91.26 OK
r-patched-solaris-x86 3.0-2 135.40 NOTE
r-release-linux-x86_64 3.0-2 10.98 78.23 89.21 OK
r-release-macos-arm64 3.0-2 NOTE
r-release-macos-x86_64 3.0-2 OK
r-release-windows-ix86+x86_64 3.0-2 19.00 98.00 117.00 OK
r-oldrel-macos-x86_64 3.0-2 OK
r-oldrel-windows-ix86+x86_64 3.0-2 24.00 101.00 125.00 OK

Check Details

Version: 3.0-2
Check: package dependencies
Result: NOTE
    Package suggested but not available for checking: ‘rsvg’
Flavor: r-patched-solaris-x86

Version: 3.0-2
Check: package dependencies
Result: NOTE
    Packages suggested but not available for checking: 'showtext', 'sysfonts'
Flavor: r-release-macos-arm64