CRAN Package Check Results for Package REddyProc

Last updated on 2021-10-15 23:50:40 CEST.

Flavor Version Tinstall Tcheck Ttotal Status Flags
r-devel-linux-x86_64-debian-clang 1.2.2 56.03 0.02 56.05 FAIL
r-devel-linux-x86_64-debian-gcc 1.3.0 43.25 304.08 347.33 OK
r-devel-linux-x86_64-fedora-clang 1.3.0 379.49 OK
r-devel-linux-x86_64-fedora-gcc 1.3.0 350.04 OK
r-devel-windows-x86_64 1.3.0 90.00 544.00 634.00 OK
r-devel-windows-x86_64-gcc10-UCRT 1.2.2 ERROR
r-patched-linux-x86_64 1.2.2 49.33 0.01 49.34 FAIL
r-patched-solaris-x86 1.3.0 670.30 OK
r-release-linux-x86_64 1.2.2 51.05 0.02 51.07 FAIL
r-release-macos-arm64 1.2.2 OK
r-release-macos-x86_64 1.2.2 OK
r-release-windows-ix86+x86_64 1.3.0 90.00 589.00 679.00 OK
r-oldrel-macos-x86_64 1.2.2 OK
r-oldrel-windows-ix86+x86_64 1.2.2 131.00 417.00 548.00 OK

Check Details

Version: 1.2.2
Check: tests
Result: FAIL
Flavors: r-devel-linux-x86_64-debian-clang, r-patched-linux-x86_64, r-release-linux-x86_64

Version: 1.2.2
Check: tests
Result: ERROR
     Running 'doRUnit.R'
Flavor: r-devel-windows-x86_64-gcc10-UCRT