CRAN Package Check Results for Package RClone

Last updated on 2021-05-15 23:49:25 CEST.

Flavor Version Tinstall Tcheck Ttotal Status Flags
r-devel-linux-x86_64-debian-clang 1.0.2 8.29 231.22 239.51 NOTE
r-devel-linux-x86_64-debian-gcc 1.0.2 6.73 153.26 159.99 NOTE
r-devel-linux-x86_64-fedora-clang 1.0.2 276.70 NOTE
r-devel-linux-x86_64-fedora-gcc 1.0.3 296.28 OK
r-devel-windows-ix86+x86_64 1.0.2 14.00 262.00 276.00 OK
r-devel-windows-x86_64-gcc10-UCRT 1.0.2 OK
r-patched-linux-x86_64 1.0.2 8.64 216.85 225.49 NOTE
r-patched-solaris-x86 1.0.3 290.40 OK
r-release-linux-x86_64 1.0.2 7.00 210.94 217.94 NOTE
r-release-macos-x86_64 1.0.2 OK
r-release-windows-ix86+x86_64 1.0.2 11.00 269.00 280.00 OK
r-oldrel-macos-x86_64 1.0.2 OK
r-oldrel-windows-ix86+x86_64 1.0.2 8.00 240.00 248.00 OK

Check Details

Version: 1.0.2
Check: for non-standard things in the check directory
Result: NOTE
    Found the following files/directories:
     'file1.arp' 'file2.arp' 'test.txt' 'test2.txt'
Flavors: r-devel-linux-x86_64-debian-clang, r-devel-linux-x86_64-debian-gcc, r-devel-linux-x86_64-fedora-clang, r-patched-linux-x86_64, r-release-linux-x86_64