CRAN Package Check Results for Package RAMClustR

Last updated on 2022-01-19 23:49:08 CET.

Flavor Version Tinstall Tcheck Ttotal Status Flags
r-devel-linux-x86_64-debian-clang 1.2.2 OK
r-devel-linux-x86_64-debian-gcc 1.2.2 13.23 87.06 100.29 OK
r-devel-linux-x86_64-fedora-clang 1.2.2 149.74 NOTE
r-devel-linux-x86_64-fedora-gcc 1.2.2 135.30 NOTE
r-devel-windows-x86_64-new-UL 1.2.2 104.00 126.00 230.00 OK
r-devel-windows-x86_64-new-TK 1.2.2 NOTE
r-patched-linux-x86_64 1.2.2 14.99 109.26 124.25 OK
r-release-linux-x86_64 1.2.2 OK
r-release-macos-arm64 1.2.2 NOTE
r-release-macos-x86_64 1.2.2 NOTE
r-release-windows-ix86+x86_64 1.2.2 29.00 120.00 149.00 OK
r-oldrel-macos-x86_64 1.2.2 ERROR
r-oldrel-windows-ix86+x86_64 1.2.2 31.00 121.00 152.00 OK

Check Details

Version: 1.2.2
Check: dependencies in R code
Result: NOTE
    Namespaces in Imports field not imported from:
     ‘BiocManager’ ‘stringi’ ‘xml2’
     All declared Imports should be used.
Flavors: r-devel-linux-x86_64-fedora-clang, r-devel-linux-x86_64-fedora-gcc, r-devel-windows-x86_64-new-TK, r-release-macos-arm64, r-release-macos-x86_64

Version: 1.2.2
Check: package dependencies
Result: ERROR
    Package required but not available: ‘InterpretMSSpectrum’
    
    See section ‘The DESCRIPTION file’ in the ‘Writing R Extensions’
    manual.
Flavor: r-oldrel-macos-x86_64