CRAN Package Check Results for Package RAINBOWR

Last updated on 2021-06-22 23:50:43 CEST.

Flavor Version Tinstall Tcheck Ttotal Status Flags
r-devel-linux-x86_64-debian-clang 0.1.26 108.23 370.56 478.79 OK
r-devel-linux-x86_64-debian-gcc 0.1.26 89.29 295.44 384.73 OK
r-devel-linux-x86_64-fedora-clang 0.1.26 599.19 NOTE
r-devel-linux-x86_64-fedora-gcc 0.1.26 594.72 OK
r-devel-windows-x86_64 0.1.26 120.00 404.00 524.00 OK
r-devel-windows-x86_64-gcc10-UCRT 0.1.26 ERROR
r-patched-linux-x86_64 0.1.26 93.12 352.26 445.38 OK
r-patched-solaris-x86 0.1.26 844.10 OK
r-release-linux-x86_64 0.1.26 91.72 353.60 445.32 OK
r-release-macos-arm64 0.1.26 ERROR
r-release-macos-x86_64 0.1.26 ERROR
r-release-windows-ix86+x86_64 0.1.26 158.00 400.00 558.00 OK
r-oldrel-macos-x86_64 0.1.26 ERROR

Check Details

Version: 0.1.26
Check: installed package size
Result: NOTE
     installed size is 27.2Mb
     sub-directories of 1Mb or more:
     libs 26.1Mb
Flavor: r-devel-linux-x86_64-fedora-clang

Version: 0.1.26
Check: package dependencies
Result: ERROR
    Package required but not available: 'phylobase'
    
    Package suggested but not available for checking: 'plotly'
    
    See section 'The DESCRIPTION file' in the 'Writing R Extensions'
    manual.
Flavor: r-devel-windows-x86_64-gcc10-UCRT

Version: 0.1.26
Check: package dependencies
Result: ERROR
    Package required but not available: ‘ggtree’
    
    See section ‘The DESCRIPTION file’ in the ‘Writing R Extensions’
    manual.
Flavors: r-release-macos-arm64, r-release-macos-x86_64, r-oldrel-macos-x86_64