CRAN Package Check Results for Package RADstackshelpR

Last updated on 2024-07-22 00:50:45 CEST.

Flavor Version Tinstall Tcheck Ttotal Status Flags
r-devel-linux-x86_64-debian-clang 0.1.0 2.97 46.10 49.07 OK
r-devel-linux-x86_64-debian-gcc 0.1.0 2.11 35.01 37.12 OK
r-devel-linux-x86_64-fedora-clang 0.1.0 62.85 NOTE
r-devel-linux-x86_64-fedora-gcc 0.1.0 73.63 NOTE
r-devel-windows-x86_64 0.1.0 5.00 54.00 59.00 OK
r-patched-linux-x86_64 0.1.0 2.49 44.13 46.62 OK
r-release-linux-x86_64 0.1.0 1.74 44.32 46.06 OK
r-release-macos-arm64 0.1.0 28.00 OK
r-release-macos-x86_64 0.1.0 42.00 OK
r-release-windows-x86_64 0.1.0 3.00 54.00 57.00 OK
r-oldrel-macos-arm64 0.1.0 32.00 OK
r-oldrel-macos-x86_64 0.1.0 35.00 OK
r-oldrel-windows-x86_64 0.1.0 4.00 59.00 63.00 OK

Check Details

Version: 0.1.0
Check: dependencies in R code
Result: NOTE Namespace in Imports field not imported from: ‘gridExtra’ All declared Imports should be used. Flavors: r-devel-linux-x86_64-fedora-clang, r-devel-linux-x86_64-fedora-gcc