CRAN Package Check Results for Package R62S3

Last updated on 2024-06-17 00:50:08 CEST.

Flavor Version Tinstall Tcheck Ttotal Status Flags
r-devel-linux-x86_64-debian-clang 1.4.1 1.87 25.33 27.20 NOTE
r-devel-linux-x86_64-debian-gcc 1.4.1 1.74 20.53 22.27 NOTE
r-devel-linux-x86_64-fedora-clang 1.4.1 35.24 NOTE
r-devel-linux-x86_64-fedora-gcc 1.4.1 33.31 NOTE
r-devel-windows-x86_64 1.4.1 3.00 41.00 44.00 NOTE
r-patched-linux-x86_64 1.4.1 2.15 24.81 26.96 NOTE
r-release-linux-x86_64 1.4.1 1.88 25.35 27.23 NOTE
r-release-macos-arm64 1.4.1 16.00 NOTE
r-release-macos-x86_64 1.4.1 24.00 NOTE
r-release-windows-x86_64 1.4.1 3.00 42.00 45.00 NOTE
r-oldrel-macos-arm64 1.4.1 19.00 NOTE
r-oldrel-macos-x86_64 1.4.1 20.00 NOTE
r-oldrel-windows-x86_64 1.4.1 3.00 43.00 46.00 NOTE

Check Details

Version: 1.4.1
Check: LazyData
Result: NOTE 'LazyData' is specified without a 'data' directory Flavors: r-devel-linux-x86_64-debian-clang, r-devel-linux-x86_64-debian-gcc, r-devel-linux-x86_64-fedora-clang, r-devel-linux-x86_64-fedora-gcc, r-devel-windows-x86_64, r-patched-linux-x86_64, r-release-linux-x86_64, r-release-macos-arm64, r-release-macos-x86_64, r-release-windows-x86_64, r-oldrel-macos-arm64, r-oldrel-macos-x86_64, r-oldrel-windows-x86_64