CRAN Package Check Results for Package R2MLwiN

Last updated on 2021-09-22 23:50:13 CEST.

Flavor Version Tinstall Tcheck Ttotal Status Flags
r-devel-linux-x86_64-debian-clang 0.8-7 56.13 204.44 260.57 OK
r-devel-linux-x86_64-debian-gcc 0.8-7 45.74 148.88 194.62 OK
r-devel-linux-x86_64-fedora-clang 0.8-7 321.98 NOTE
r-devel-linux-x86_64-fedora-gcc 0.8-7 309.03 OK
r-devel-windows-x86_64 0.8-7 57.00 175.00 232.00 OK
r-devel-windows-x86_64-gcc10-UCRT 0.8-7 ERROR
r-patched-linux-x86_64 0.8-7 59.18 189.33 248.51 OK
r-release-linux-x86_64 0.8-7 58.88 189.09 247.97 OK
r-release-macos-arm64 0.8-7 OK
r-release-macos-x86_64 0.8-7 OK
r-release-windows-ix86+x86_64 0.8-7 105.00 233.00 338.00 OK
r-oldrel-macos-x86_64 0.8-7 OK
r-oldrel-windows-ix86+x86_64 0.8-7 69.00 173.00 242.00 OK

Check Details

Version: 0.8-7
Check: Rd cross-references
Result: NOTE
    Undeclared package ‘generics’ in Rd xrefs
Flavor: r-devel-linux-x86_64-fedora-clang

Version: 0.8-7
Check: PDF version of manual
Result: WARN
    LaTeX errors when creating PDF version.
    This typically indicates Rd problems.
Flavor: r-devel-windows-x86_64-gcc10-UCRT

Version: 0.8-7
Check: PDF version of manual without hyperrefs or index
Result: ERROR
    Re-running with no redirection of stdout/stderr.
Flavor: r-devel-windows-x86_64-gcc10-UCRT