CRAN Package Check Results for Package R.methodsS3

Last updated on 2021-10-23 23:50:23 CEST.

Flavor Version Tinstall Tcheck Ttotal Status Flags
r-devel-linux-x86_64-debian-clang 1.8.1 2.62 25.93 28.55 OK
r-devel-linux-x86_64-debian-gcc 1.8.1 1.97 20.58 22.55 OK
r-devel-linux-x86_64-fedora-clang 1.8.1 46.63 NOTE
r-devel-linux-x86_64-fedora-gcc 1.8.1 34.98 OK
r-devel-windows-x86_64 1.8.1 5.00 45.00 50.00 OK
r-devel-windows-x86_64-gcc10-UCRT 1.8.1 OK
r-patched-linux-x86_64 1.8.1 2.74 25.53 28.27 OK
r-patched-solaris-x86 1.8.1 53.80 OK
r-release-linux-x86_64 1.8.1 2.53 25.57 28.10 OK
r-release-macos-arm64 1.8.1 OK
r-release-macos-x86_64 1.8.1 OK
r-release-windows-ix86+x86_64 1.8.1 7.00 45.00 52.00 OK
r-oldrel-macos-x86_64 1.8.1 OK
r-oldrel-windows-ix86+x86_64 1.8.1 5.00 30.00 35.00 OK

Check Details

Version: 1.8.1
Check: Rd cross-references
Result: NOTE
    Undeclared package ‘R.oo’ in Rd xrefs
Flavor: r-devel-linux-x86_64-fedora-clang