CRAN Package Check Results for Package Qtools

Last updated on 2021-10-19 23:53:06 CEST.

Flavor Version Tinstall Tcheck Ttotal Status Flags
r-devel-linux-x86_64-debian-clang 1.5.5 36.45 126.32 162.77 OK
r-devel-linux-x86_64-debian-gcc 1.5.5 29.38 94.61 123.99 OK
r-devel-linux-x86_64-fedora-clang 1.5.5 213.94 OK
r-devel-linux-x86_64-fedora-gcc 1.5.5 198.80 OK
r-devel-windows-x86_64 1.5.5 52.00 166.00 218.00 OK
r-devel-windows-x86_64-gcc10-UCRT 1.5.5 OK
r-patched-linux-x86_64 1.5.5 39.47 120.01 159.48 OK
r-patched-solaris-x86 1.5.5 237.50 WARN
r-release-linux-x86_64 1.5.5 32.96 119.14 152.10 OK
r-release-macos-arm64 1.5.5 OK
r-release-macos-x86_64 1.5.5 WARN
r-release-windows-ix86+x86_64 1.5.5 63.00 191.00 254.00 OK
r-oldrel-macos-x86_64 1.5.5 WARN
r-oldrel-windows-ix86+x86_64 1.5.5 92.00 191.00 283.00 OK

Check Details

Version: 1.5.5
Check: re-building of vignette outputs
Result: WARN
    Error(s) in re-building vignettes:
     ...
    --- re-building ‘Qtools.Rmd’ using rmarkdown
    Warning in engine$weave(file, quiet = quiet, encoding = enc) :
     Pandoc (>= 1.12.3) not available. Falling back to R Markdown v1.
    Quitting from lines 124-146 (Qtools.Rmd)
    Error: processing vignette 'Qtools.Rmd' failed with diagnostics:
    argument is of length zero
    --- failed re-building ‘Qtools.Rmd’
    
    SUMMARY: processing the following file failed:
     ‘Qtools.Rmd’
    
    Error: Vignette re-building failed.
    Execution halted
Flavors: r-patched-solaris-x86, r-release-macos-x86_64, r-oldrel-macos-x86_64