CRAN Package Check Results for Package QTOCen

Last updated on 2023-06-09 00:54:31 CEST.

Flavor Version Tinstall Tcheck Ttotal Status Flags
r-devel-linux-x86_64-debian-clang 0.1.1 9.22 119.72 128.94 NOTE
r-devel-linux-x86_64-debian-gcc 0.1.1 8.11 93.72 101.83 NOTE
r-devel-linux-x86_64-fedora-clang 0.1.1 171.50 NOTE
r-devel-linux-x86_64-fedora-gcc 0.1.1 157.56 NOTE
r-devel-windows-x86_64 0.1.1 9.00 107.00 116.00 NOTE
r-patched-linux-x86_64 0.1.1 11.70 119.87 131.57 NOTE
r-release-linux-x86_64 0.1.1 8.78 117.03 125.81 NOTE
r-release-macos-arm64 0.1.1 54.00 NOTE
r-release-macos-x86_64 0.1.1 85.00 NOTE
r-release-windows-x86_64 0.1.1 12.00 128.00 140.00 NOTE
r-oldrel-macos-arm64 0.1.1 63.00 NOTE
r-oldrel-macos-x86_64 0.1.1 65.00 NOTE
r-oldrel-windows-x86_64 0.1.1 12.00 129.00 141.00 NOTE

Check Details

Version: 0.1.1
Check: LazyData
Result: NOTE
     'LazyData' is specified without a 'data' directory
Flavors: r-devel-linux-x86_64-debian-clang, r-devel-linux-x86_64-debian-gcc, r-devel-linux-x86_64-fedora-clang, r-devel-linux-x86_64-fedora-gcc, r-devel-windows-x86_64, r-patched-linux-x86_64, r-release-linux-x86_64, r-release-macos-arm64, r-release-macos-x86_64, r-release-windows-x86_64, r-oldrel-macos-arm64, r-oldrel-macos-x86_64, r-oldrel-windows-x86_64

Version: 0.1.1
Check: dependencies in R code
Result: NOTE
    Namespace in Imports field not imported from: ‘MatrixModels’
     All declared Imports should be used.
Flavors: r-devel-linux-x86_64-fedora-clang, r-devel-linux-x86_64-fedora-gcc, r-oldrel-macos-arm64, r-oldrel-macos-x86_64

Version: 0.1.1
Check: package dependencies
Result: NOTE
    Packages suggested but not available for checking:
     'faraway', 'quantoptr', 'survminer'
Flavor: r-release-macos-x86_64