CRAN Package Check Results for Package QGameTheory

Last updated on 2023-06-01 00:59:49 CEST.

Flavor Version Tinstall Tcheck Ttotal Status Flags
r-devel-linux-x86_64-debian-clang 0.1.2 7.66 58.84 66.50 NOTE
r-devel-linux-x86_64-debian-gcc 0.1.2 6.38 44.28 50.66 NOTE
r-devel-linux-x86_64-fedora-clang 0.1.2 82.46 NOTE
r-devel-linux-x86_64-fedora-gcc 0.1.2 85.75 NOTE
r-devel-windows-x86_64 0.1.2 9.00 70.00 79.00 NOTE
r-patched-linux-x86_64 0.1.2 NOTE
r-release-linux-x86_64 0.1.2 5.52 55.68 61.20 NOTE
r-release-macos-arm64 0.1.2 27.00 NOTE
r-release-macos-x86_64 0.1.2 40.00 NOTE
r-release-windows-x86_64 0.1.2 10.00 78.00 88.00 NOTE
r-oldrel-macos-arm64 0.1.2 28.00 NOTE
r-oldrel-macos-x86_64 0.1.2 50.00 NOTE
r-oldrel-windows-x86_64 0.1.2 10.00 71.00 81.00 NOTE

Check Details

Version: 0.1.2
Check: LazyData
Result: NOTE
     'LazyData' is specified without a 'data' directory
Flavors: r-devel-linux-x86_64-debian-clang, r-devel-linux-x86_64-debian-gcc, r-devel-linux-x86_64-fedora-clang, r-devel-linux-x86_64-fedora-gcc, r-devel-windows-x86_64, r-patched-linux-x86_64, r-release-linux-x86_64, r-release-macos-arm64, r-release-macos-x86_64, r-release-windows-x86_64, r-oldrel-macos-arm64, r-oldrel-macos-x86_64, r-oldrel-windows-x86_64