CRAN Package Check Results for Package QCAtools

Last updated on 2021-10-24 23:51:58 CEST.

Flavor Version Tinstall Tcheck Ttotal Status Flags
r-devel-linux-x86_64-debian-clang 0.2.3 5.36 52.06 57.42 NOTE
r-devel-linux-x86_64-debian-gcc 0.2.3 4.53 39.33 43.86 NOTE
r-devel-linux-x86_64-fedora-clang 0.2.3 85.40 NOTE
r-devel-linux-x86_64-fedora-gcc 0.2.3 67.68 NOTE
r-devel-windows-x86_64 0.2.3 10.00 73.00 83.00 NOTE
r-devel-windows-x86_64-gcc10-UCRT 0.2.3 NOTE
r-patched-linux-x86_64 0.2.3 5.12 48.15 53.27 NOTE
r-patched-solaris-x86 0.2.3 91.50 NOTE
r-release-linux-x86_64 0.2.3 5.17 48.21 53.38 NOTE
r-release-macos-arm64 0.2.3 NOTE
r-release-macos-x86_64 0.2.3 NOTE
r-release-windows-ix86+x86_64 0.2.3 11.00 75.00 86.00 NOTE
r-oldrel-macos-x86_64 0.2.3 OK
r-oldrel-windows-ix86+x86_64 0.2.3 15.00 74.00 89.00 OK

Check Details

Version: 0.2.3
Check: LazyData
Result: NOTE
     'LazyData' is specified without a 'data' directory
Flavors: r-devel-linux-x86_64-debian-clang, r-devel-linux-x86_64-debian-gcc, r-devel-linux-x86_64-fedora-clang, r-devel-linux-x86_64-fedora-gcc, r-devel-windows-x86_64, r-devel-windows-x86_64-gcc10-UCRT, r-patched-linux-x86_64, r-patched-solaris-x86, r-release-linux-x86_64, r-release-macos-arm64, r-release-macos-x86_64, r-release-windows-ix86+x86_64