CRAN Package Check Results for Package PupillometryR

Last updated on 2024-06-24 23:57:29 CEST.

Flavor Version Tinstall Tcheck Ttotal Status Flags
r-devel-linux-x86_64-debian-clang 0.0.5 9.44 144.70 154.14 OK
r-devel-linux-x86_64-debian-gcc 0.0.5 6.50 106.96 113.46 OK
r-devel-linux-x86_64-fedora-clang 0.0.5 193.00 NOTE
r-devel-linux-x86_64-fedora-gcc 0.0.5 194.46 NOTE
r-devel-windows-x86_64 0.0.5 9.00 130.00 139.00 OK
r-patched-linux-x86_64 0.0.5 7.10 138.31 145.41 OK
r-release-linux-x86_64 0.0.5 7.06 138.49 145.55 OK
r-release-macos-arm64 0.0.5 58.00 OK
r-release-macos-x86_64 0.0.5 90.00 OK
r-release-windows-x86_64 0.0.5 8.00 130.00 138.00 OK
r-oldrel-macos-arm64 0.0.5 63.00 OK
r-oldrel-macos-x86_64 0.0.5 176.00 OK
r-oldrel-windows-x86_64 0.0.5 10.00 154.00 164.00 OK

Check Details

Version: 0.0.5
Check: dependencies in R code
Result: NOTE Namespaces in Imports field not imported from: ‘itsadug’ ‘mgcv’ All declared Imports should be used. Flavors: r-devel-linux-x86_64-fedora-clang, r-devel-linux-x86_64-fedora-gcc