CRAN Package Check Results for Package PubMedMining

Last updated on 2023-06-10 00:54:54 CEST.

Flavor Version Tinstall Tcheck Ttotal Status Flags
r-devel-linux-x86_64-debian-clang 1.0.0 2.34 23.22 25.56 NOTE
r-devel-linux-x86_64-debian-gcc 1.0.0 1.71 18.12 19.83 NOTE
r-devel-linux-x86_64-fedora-clang 1.0.0 32.61 NOTE
r-devel-linux-x86_64-fedora-gcc 1.0.0 41.17 NOTE
r-devel-windows-x86_64 1.0.0 3.00 41.00 44.00 NOTE
r-patched-linux-x86_64 1.0.0 1.86 22.14 24.00 NOTE
r-release-linux-x86_64 1.0.0 1.85 22.13 23.98 NOTE
r-release-macos-arm64 1.0.0 22.00 NOTE
r-release-macos-x86_64 1.0.0 31.00 NOTE
r-release-windows-x86_64 1.0.0 3.00 40.00 43.00 NOTE
r-oldrel-macos-arm64 1.0.0 16.00 NOTE
r-oldrel-macos-x86_64 1.0.0 22.00 NOTE
r-oldrel-windows-x86_64 1.0.0 3.00 43.00 46.00 NOTE

Check Details

Version: 1.0.0
Check: LazyData
Result: NOTE
     'LazyData' is specified without a 'data' directory
Flavors: r-devel-linux-x86_64-debian-clang, r-devel-linux-x86_64-debian-gcc, r-devel-linux-x86_64-fedora-clang, r-devel-linux-x86_64-fedora-gcc, r-devel-windows-x86_64, r-patched-linux-x86_64, r-release-linux-x86_64, r-release-macos-arm64, r-release-macos-x86_64, r-release-windows-x86_64, r-oldrel-macos-arm64, r-oldrel-macos-x86_64, r-oldrel-windows-x86_64