CRAN Package Check Results for Package ProcData

Last updated on 2024-06-25 00:58:11 CEST.

Flavor Version Tinstall Tcheck Ttotal Status Flags
r-devel-linux-x86_64-debian-clang 0.3.2 42.17 94.77 136.94 NOTE
r-devel-linux-x86_64-debian-gcc 0.3.2 32.20 71.14 103.34 NOTE
r-devel-linux-x86_64-fedora-clang 0.3.2 184.96 NOTE
r-devel-linux-x86_64-fedora-gcc 0.3.2 182.84 NOTE
r-devel-windows-x86_64 0.3.2 39.00 102.00 141.00 NOTE
r-patched-linux-x86_64 0.3.2 42.11 92.72 134.83 NOTE
r-release-linux-x86_64 0.3.2 36.87 91.71 128.58 NOTE
r-release-macos-arm64 0.3.2 48.00 NOTE
r-release-macos-x86_64 0.3.2 67.00 NOTE
r-release-windows-x86_64 0.3.2 39.00 110.00 149.00 NOTE
r-oldrel-macos-arm64 0.3.2 53.00 OK
r-oldrel-macos-x86_64 0.3.2 89.00 OK
r-oldrel-windows-x86_64 0.3.2 49.00 128.00 177.00 OK

Check Details

Version: 0.3.2
Check: Rd files
Result: NOTE checkRd: (-1) proc.Rd:27: Lost braces in \itemize; meant \describe ? checkRd: (-1) proc.Rd:28: Lost braces in \itemize; meant \describe ? Flavors: r-devel-linux-x86_64-debian-clang, r-devel-linux-x86_64-debian-gcc, r-devel-linux-x86_64-fedora-clang, r-devel-linux-x86_64-fedora-gcc, r-devel-windows-x86_64, r-patched-linux-x86_64, r-release-linux-x86_64, r-release-macos-arm64, r-release-macos-x86_64, r-release-windows-x86_64