CRAN Package Check Results for Package PreProcessRecordLinkage

Last updated on 2024-06-13 00:55:27 CEST.

Flavor Version Tinstall Tcheck Ttotal Status Flags
r-devel-linux-x86_64-debian-clang 1.0.1 12.02 110.70 122.72 OK
r-devel-linux-x86_64-debian-gcc 1.0.1 0.24 1.72 1.96 ERROR
r-devel-linux-x86_64-fedora-clang 1.0.1 159.64 OK
r-devel-linux-x86_64-fedora-gcc 1.0.1 145.10 OK
r-devel-windows-x86_64 1.0.1 12.00 93.00 105.00 OK
r-patched-linux-x86_64 1.0.1 11.75 108.74 120.49 OK
r-release-linux-x86_64 1.0.1 14.03 109.08 123.11 OK
r-release-macos-arm64 1.0.1 48.00 OK
r-release-macos-x86_64 1.0.1 68.00 OK
r-release-windows-x86_64 1.0.1 12.00 93.00 105.00 OK
r-oldrel-macos-arm64 1.0.1 52.00 OK
r-oldrel-macos-x86_64 1.0.1 98.00 OK
r-oldrel-windows-x86_64 1.0.1 16.00 110.00 126.00 OK

Check Details

Version: 1.0.1
Check: package dependencies
Result: ERROR Packages required but not available: 'RecordLinkage', 'stringr' See section ‘The DESCRIPTION file’ in the ‘Writing R Extensions’ manual. Flavor: r-devel-linux-x86_64-debian-gcc