CRAN Package Check Results for Package PortfolioAnalytics

Last updated on 2021-07-30 23:51:55 CEST.

Flavor Version Tinstall Tcheck Ttotal Status Flags
r-devel-linux-x86_64-debian-clang 1.1.0 OK
r-devel-linux-x86_64-debian-gcc 1.1.0 15.55 201.98 217.53 OK
r-devel-linux-x86_64-fedora-clang 1.1.0 351.05 OK
r-devel-linux-x86_64-fedora-gcc 1.1.0 470.12 OK
r-devel-windows-x86_64 1.1.0 22.00 121.00 143.00 OK --no-vignettes
r-devel-windows-x86_64-gcc10-UCRT 1.1.0 OK
r-patched-linux-x86_64 1.1.0 OK
r-patched-solaris-x86 1.1.0 432.80 NOTE
r-release-linux-x86_64 1.1.0 16.00 269.27 285.27 OK
r-release-macos-arm64 1.1.0 NOTE
r-release-macos-x86_64 1.1.0 OK
r-release-windows-ix86+x86_64 1.1.0 40.00 98.00 138.00 OK --no-vignettes
r-oldrel-macos-x86_64 1.1.0 NOTE
r-oldrel-windows-ix86+x86_64 1.1.0 32.00 135.00 167.00 OK --no-vignettes

Check Details

Version: 1.1.0
Check: package dependencies
Result: NOTE
    Package suggested but not available for checking: ‘ROI.plugin.symphony’
Flavors: r-patched-solaris-x86, r-release-macos-arm64, r-oldrel-macos-x86_64