CRAN Package Check Results for Package PoolTestR

Last updated on 2024-06-14 00:53:53 CEST.

Flavor Version Tinstall Tcheck Ttotal Status Flags
r-devel-linux-x86_64-debian-clang 0.1.3 307.73 168.89 476.62 NOTE
r-devel-linux-x86_64-debian-gcc 0.1.3 0.37 1.76 2.13 ERROR
r-devel-linux-x86_64-fedora-clang 0.1.3 603.01 NOTE
r-devel-linux-x86_64-fedora-gcc 0.1.3 453.21 NOTE
r-devel-windows-x86_64 0.1.3 234.00 163.00 397.00 NOTE
r-patched-linux-x86_64 0.1.3 263.32 180.45 443.77 NOTE
r-release-linux-x86_64 0.1.3 281.30 186.26 467.56 NOTE
r-release-macos-arm64 0.1.3 137.00 NOTE
r-release-macos-x86_64 0.1.3 161.00 NOTE
r-release-windows-x86_64 0.1.3 244.00 164.00 408.00 NOTE
r-oldrel-macos-arm64 0.1.3 135.00 NOTE
r-oldrel-macos-x86_64 0.1.3 225.00 NOTE
r-oldrel-windows-x86_64 0.1.3 289.00 208.00 497.00 NOTE

Check Details

Version: 0.1.3
Check: for GNU extensions in Makefiles
Result: NOTE GNU make is a SystemRequirements. Flavors: r-devel-linux-x86_64-debian-clang, r-devel-linux-x86_64-fedora-clang, r-devel-linux-x86_64-fedora-gcc, r-devel-windows-x86_64, r-patched-linux-x86_64, r-release-linux-x86_64, r-release-macos-arm64, r-release-macos-x86_64, r-release-windows-x86_64, r-oldrel-macos-arm64, r-oldrel-macos-x86_64, r-oldrel-windows-x86_64

Version: 0.1.3
Check: package dependencies
Result: ERROR Packages required but not available: 'dplyr', 'rstan', 'brms', 'lme4', 'stringr', 'progress' See section ‘The DESCRIPTION file’ in the ‘Writing R Extensions’ manual. Flavor: r-devel-linux-x86_64-debian-gcc

Version: 0.1.3
Check: dependencies in R code
Result: NOTE Namespace in Imports field not imported from: ‘rstantools’ All declared Imports should be used. Flavors: r-devel-linux-x86_64-fedora-clang, r-devel-linux-x86_64-fedora-gcc

Version: 0.1.3
Check: installed package size
Result: NOTE installed size is 53.7Mb sub-directories of 1Mb or more: libs 53.4Mb Flavors: r-release-macos-arm64, r-release-macos-x86_64, r-oldrel-macos-arm64, r-oldrel-macos-x86_64