CRAN Package Check Results for Package PlaneGeometry

Last updated on 2021-11-28 23:50:35 CET.

Flavor Version Tinstall Tcheck Ttotal Status Flags
r-devel-linux-x86_64-debian-clang 1.2.0 NOTE
r-devel-linux-x86_64-debian-gcc 1.2.0 18.80 68.94 87.74 NOTE
r-devel-linux-x86_64-fedora-clang 1.2.0 157.40 NOTE
r-devel-linux-x86_64-fedora-gcc 1.2.0 135.18 NOTE
r-devel-windows-x86_64-new-UL 1.2.0 40.00 133.00 173.00 NOTE
r-devel-windows-x86_64-new-TK 1.2.0 NOTE
r-devel-windows-x86_64-old 1.2.0 21.00 89.00 110.00 NOTE
r-patched-linux-x86_64 1.2.0 24.26 88.03 112.29 NOTE
r-patched-solaris-x86 1.2.0 166.50 NOTE
r-release-linux-x86_64 1.2.0 18.63 86.74 105.37 NOTE
r-release-macos-arm64 1.2.0 NOTE
r-release-macos-x86_64 1.2.0 NOTE
r-release-windows-ix86+x86_64 1.2.0 33.00 120.00 153.00 NOTE
r-oldrel-macos-x86_64 1.2.0 OK
r-oldrel-windows-ix86+x86_64 1.2.0 22.00 115.00 137.00 OK

Check Details

Version: 1.2.0
Check: LazyData
Result: NOTE
     'LazyData' is specified without a 'data' directory
Flavors: r-devel-linux-x86_64-debian-clang, r-devel-linux-x86_64-debian-gcc, r-devel-linux-x86_64-fedora-clang, r-devel-linux-x86_64-fedora-gcc, r-devel-windows-x86_64-new-UL, r-devel-windows-x86_64-new-TK, r-devel-windows-x86_64-old, r-patched-linux-x86_64, r-patched-solaris-x86, r-release-linux-x86_64, r-release-macos-arm64, r-release-macos-x86_64, r-release-windows-ix86+x86_64