CRAN Package Check Results for Package PhylogeneticEM

Last updated on 2022-10-05 23:55:08 CEST.

Flavor Version Tinstall Tcheck Ttotal Status Flags
r-devel-linux-x86_64-debian-clang 1.6.0 60.01 216.54 276.55 OK
r-devel-linux-x86_64-debian-gcc 1.6.0 46.08 159.64 205.72 OK
r-devel-linux-x86_64-fedora-clang 1.6.0 371.86 OK
r-devel-linux-x86_64-fedora-gcc 1.6.0 349.91 OK
r-devel-windows-x86_64 1.6.0 277.00 452.00 729.00 OK
r-patched-linux-x86_64 1.6.0 52.99 197.98 250.97 OK
r-release-linux-x86_64 1.6.0 50.49 202.81 253.30 OK
r-release-macos-arm64 1.6.0 163.00 NOTE
r-release-macos-x86_64 1.6.0 184.00 NOTE
r-release-windows-x86_64 1.6.0 291.00 433.00 724.00 OK
r-oldrel-macos-arm64 1.6.0 144.00 NOTE
r-oldrel-macos-x86_64 1.6.0 181.00 NOTE
r-oldrel-windows-ix86+x86_64 1.6.0 129.00 519.00 648.00 OK

Check Details

Version: 1.6.0
Check: installed package size
Result: NOTE
     installed size is 5.1Mb
     sub-directories of 1Mb or more:
     libs 3.6Mb
Flavors: r-release-macos-arm64, r-release-macos-x86_64, r-oldrel-macos-arm64, r-oldrel-macos-x86_64