Last updated on 2023-01-28 23:51:46 CET.
Flavor | Version | Tinstall | Tcheck | Ttotal | Status | Flags |
---|---|---|---|---|---|---|
r-devel-linux-x86_64-debian-clang | 1.0.1 | 32.56 | 77.79 | 110.35 | OK | |
r-devel-linux-x86_64-debian-gcc | 1.0.1 | 30.56 | 60.29 | 90.85 | NOTE | |
r-devel-linux-x86_64-fedora-clang | 1.0.1 | 160.54 | NOTE | |||
r-devel-linux-x86_64-fedora-gcc | 1.0.1 | 145.79 | NOTE | |||
r-devel-windows-x86_64 | 1.0.1 | 40.00 | 122.00 | 162.00 | OK | |
r-patched-linux-x86_64 | 1.0.1 | 32.12 | 75.08 | 107.20 | OK | |
r-release-linux-x86_64 | 1.0.1 | 31.75 | 74.54 | 106.29 | OK | |
r-release-macos-arm64 | 1.0.1 | 42.00 | OK | |||
r-release-macos-x86_64 | 1.0.1 | 55.00 | OK | |||
r-release-windows-x86_64 | 1.0.1 | 84.00 | 126.00 | 210.00 | OK | |
r-oldrel-macos-arm64 | 1.0.1 | 44.00 | OK | |||
r-oldrel-macos-x86_64 | 1.0.1 | 70.00 | OK | |||
r-oldrel-windows-ix86+x86_64 | 1.0.1 | 90.00 | 136.00 | 226.00 | OK |
Version: 1.0.1
Check: C++ specification
Result: NOTE
Specified C++11: please update to current default of C++17
Flavors: r-devel-linux-x86_64-debian-gcc, r-devel-linux-x86_64-fedora-gcc
Version: 1.0.1
Check: compiled code
Result: NOTE
File ‘PenCoxFrail/libs/PenCoxFrail.so’:
Found no calls to: ‘R_registerRoutines’, ‘R_useDynamicSymbols’
It is good practice to register native routines and to disable symbol
search.
See ‘Writing portable packages’ in the ‘Writing R Extensions’ manual.
Flavors: r-devel-linux-x86_64-fedora-clang, r-devel-linux-x86_64-fedora-gcc