CRAN Package Check Results for Package PanelCount

Last updated on 2023-02-08 00:03:34 CET.

Flavor Version Tinstall Tcheck Ttotal Status Flags
r-devel-linux-x86_64-debian-clang 2.0.0 37.22 132.07 169.29 OK
r-devel-linux-x86_64-debian-gcc 2.0.0 28.62 101.70 130.32 OK
r-devel-linux-x86_64-fedora-clang 2.0.0 215.90 NOTE
r-devel-linux-x86_64-fedora-gcc 2.0.0 222.49 NOTE
r-devel-windows-x86_64 2.0.0 48.00 244.00 292.00 OK
r-patched-linux-x86_64 2.0.0 25.06 134.28 159.34 OK
r-release-linux-x86_64 2.0.0 31.28 131.03 162.31 OK
r-release-macos-arm64 2.0.0 57.00 NOTE
r-release-macos-x86_64 2.0.0 83.00 NOTE
r-release-windows-x86_64 2.0.0 40.00 260.00 300.00 OK
r-oldrel-macos-arm64 2.0.0 48.00 NOTE
r-oldrel-macos-x86_64 2.0.0 81.00 NOTE
r-oldrel-windows-ix86+x86_64 2.0.0 82.00 239.00 321.00 OK

Check Details

Version: 2.0.0
Check: dependencies in R code
Result: NOTE
    Namespace in Imports field not imported from: ‘MASS’
     All declared Imports should be used.
Flavors: r-devel-linux-x86_64-fedora-clang, r-devel-linux-x86_64-fedora-gcc, r-release-macos-arm64, r-release-macos-x86_64, r-oldrel-macos-arm64, r-oldrel-macos-x86_64