CRAN Package Check Results for Package PakPMICS2014HL

Last updated on 2024-06-21 00:57:18 CEST.

Flavor Version Tinstall Tcheck Ttotal Status Flags
r-devel-linux-x86_64-debian-clang 0.1.1 33.89 34.89 68.78 NOTE
r-devel-linux-x86_64-debian-gcc 0.1.1 28.67 26.65 55.32 NOTE
r-devel-linux-x86_64-fedora-clang 0.1.1 92.87 NOTE
r-devel-linux-x86_64-fedora-gcc 0.1.1 86.65 NOTE
r-devel-windows-x86_64 0.1.1 26.00 53.00 79.00 NOTE
r-patched-linux-x86_64 0.1.1 32.88 33.53 66.41 NOTE
r-release-linux-x86_64 0.1.1 32.79 33.81 66.60 NOTE
r-release-macos-arm64 0.1.1 38.00 NOTE
r-release-macos-x86_64 0.1.1 45.00 NOTE
r-release-windows-x86_64 0.1.1 26.00 54.00 80.00 NOTE
r-oldrel-macos-arm64 0.1.1 41.00 OK
r-oldrel-macos-x86_64 0.1.1 56.00 OK
r-oldrel-windows-x86_64 0.1.1 29.00 56.00 85.00 OK

Check Details

Version: 0.1.1
Check: Rd files
Result: NOTE checkRd: (-1) MICS2014HL.Rd:109: Lost braces in \enumerate; meant \describe ? checkRd: (-1) MICS2014HL.Rd:110: Lost braces in \enumerate; meant \describe ? Flavors: r-devel-linux-x86_64-debian-clang, r-devel-linux-x86_64-debian-gcc, r-devel-linux-x86_64-fedora-clang, r-devel-linux-x86_64-fedora-gcc, r-devel-windows-x86_64, r-patched-linux-x86_64, r-release-linux-x86_64, r-release-macos-arm64, r-release-macos-x86_64, r-release-windows-x86_64

Version: 0.1.1
Check: dependencies in R code
Result: NOTE Namespace in Imports field not imported from: ‘stats’ All declared Imports should be used. Flavors: r-devel-linux-x86_64-fedora-clang, r-devel-linux-x86_64-fedora-gcc