Last updated on 2023-06-09 00:54:29 CEST.
Flavor | Version | Tinstall | Tcheck | Ttotal | Status | Flags |
---|---|---|---|---|---|---|
r-devel-linux-x86_64-debian-clang | 1.0.0 | 8.35 | 48.19 | 56.54 | OK | |
r-devel-linux-x86_64-debian-gcc | 1.0.0 | 6.15 | 37.03 | 43.18 | OK | |
r-devel-linux-x86_64-fedora-clang | 1.0.0 | 72.22 | NOTE | |||
r-devel-linux-x86_64-fedora-gcc | 1.0.0 | 78.49 | NOTE | |||
r-devel-windows-x86_64 | 1.0.0 | 7.00 | 60.00 | 67.00 | OK | |
r-patched-linux-x86_64 | 1.0.0 | 7.17 | 45.77 | 52.94 | OK | |
r-release-linux-x86_64 | 1.0.0 | 7.41 | 46.57 | 53.98 | OK | |
r-release-macos-arm64 | 1.0.0 | 33.00 | OK | |||
r-release-macos-x86_64 | 1.0.0 | 48.00 | OK | |||
r-release-windows-x86_64 | 1.0.0 | 10.00 | 64.00 | 74.00 | OK | |
r-oldrel-macos-arm64 | 1.0.0 | 29.00 | NOTE | |||
r-oldrel-macos-x86_64 | 1.0.0 | 48.00 | NOTE | |||
r-oldrel-windows-x86_64 | 1.0.0 | 10.00 | 69.00 | 79.00 | OK |
Version: 1.0.0
Check: dependencies in R code
Result: NOTE
Namespace in Imports field not imported from: ‘stats’
All declared Imports should be used.
Flavors: r-devel-linux-x86_64-fedora-clang, r-devel-linux-x86_64-fedora-gcc, r-oldrel-macos-arm64, r-oldrel-macos-x86_64