CRAN Package Check Results for Package PTXQC

Last updated on 2021-07-30 23:51:56 CEST.

Flavor Version Tinstall Tcheck Ttotal Status Flags
r-devel-linux-x86_64-debian-clang 1.0.10 OK
r-devel-linux-x86_64-debian-gcc 1.0.10 16.55 160.64 177.19 OK
r-devel-linux-x86_64-fedora-clang 1.0.10 287.62 NOTE
r-devel-linux-x86_64-fedora-gcc 1.0.10 281.28 NOTE
r-devel-windows-x86_64 1.0.10 24.00 257.00 281.00 NOTE
r-devel-windows-x86_64-gcc10-UCRT 1.0.10 NOTE
r-patched-linux-x86_64 1.0.10 OK
r-patched-solaris-x86 1.0.10 318.80 NOTE
r-release-linux-x86_64 1.0.10 19.01 206.11 225.12 OK
r-release-macos-arm64 1.0.10 NOTE
r-release-macos-x86_64 1.0.10 NOTE
r-release-windows-ix86+x86_64 1.0.10 40.00 238.00 278.00 NOTE
r-oldrel-macos-x86_64 1.0.10 NOTE
r-oldrel-windows-ix86+x86_64 1.0.10 27.00 256.00 283.00 NOTE

Check Details

Version: 1.0.10
Check: installed package size
Result: NOTE
     installed size is 8.1Mb
     sub-directories of 1Mb or more:
     R 1.0Mb
     doc 4.0Mb
     examples 2.6Mb
Flavors: r-devel-linux-x86_64-fedora-clang, r-devel-windows-x86_64, r-patched-solaris-x86, r-release-macos-arm64, r-release-macos-x86_64, r-release-windows-ix86+x86_64, r-oldrel-macos-x86_64, r-oldrel-windows-ix86+x86_64

Version: 1.0.10
Check: dependencies in R code
Result: NOTE
    Namespace in Imports field not imported from: ‘jsonlite’
     All declared Imports should be used.
Flavors: r-devel-linux-x86_64-fedora-clang, r-devel-linux-x86_64-fedora-gcc, r-devel-windows-x86_64-gcc10-UCRT, r-patched-solaris-x86, r-release-macos-arm64, r-release-macos-x86_64, r-oldrel-macos-x86_64