CRAN Package Check Results for Package PTE

Last updated on 2021-10-24 23:51:58 CEST.

Flavor Version Tinstall Tcheck Ttotal Status Flags
r-devel-linux-x86_64-debian-clang 1.7 6.25 62.01 68.26 OK
r-devel-linux-x86_64-debian-gcc 1.7 5.97 48.33 54.30 OK
r-devel-linux-x86_64-fedora-clang 1.7 94.26 NOTE
r-devel-linux-x86_64-fedora-gcc 1.7 83.35 NOTE
r-devel-windows-x86_64 1.7 13.00 65.00 78.00 OK
r-devel-windows-x86_64-gcc10-UCRT 1.7 NOTE
r-patched-linux-x86_64 1.7 8.74 60.98 69.72 OK
r-patched-solaris-x86 1.7 125.40 NOTE
r-release-linux-x86_64 1.7 7.66 60.75 68.41 OK
r-release-macos-arm64 1.7 NOTE
r-release-macos-x86_64 1.7 NOTE
r-release-windows-ix86+x86_64 1.7 11.00 84.00 95.00 OK
r-oldrel-macos-x86_64 1.7 NOTE
r-oldrel-windows-ix86+x86_64 1.7 17.00 83.00 100.00 OK

Check Details

Version: 1.7
Check: dependencies in R code
Result: NOTE
    Namespace in Imports field not imported from: ‘grDevices’
     All declared Imports should be used.
Flavors: r-devel-linux-x86_64-fedora-clang, r-devel-linux-x86_64-fedora-gcc, r-devel-windows-x86_64-gcc10-UCRT, r-patched-solaris-x86, r-release-macos-arm64, r-release-macos-x86_64, r-oldrel-macos-x86_64