Last updated on 2023-06-09 00:54:31 CEST.
Flavor | Version | Tinstall | Tcheck | Ttotal | Status | Flags |
---|---|---|---|---|---|---|
r-devel-linux-x86_64-debian-clang | 0.2.0 | 9.32 | 49.43 | 58.75 | OK | |
r-devel-linux-x86_64-debian-gcc | 0.2.0 | 7.88 | 37.52 | 45.40 | OK | |
r-devel-linux-x86_64-fedora-clang | 0.2.0 | 73.40 | NOTE | |||
r-devel-linux-x86_64-fedora-gcc | 0.2.0 | 68.94 | NOTE | |||
r-devel-windows-x86_64 | 0.2.0 | 9.00 | 59.00 | 68.00 | OK | |
r-patched-linux-x86_64 | 0.2.0 | 8.54 | 46.17 | 54.71 | OK | |
r-release-linux-x86_64 | 0.2.0 | 7.15 | 46.06 | 53.21 | OK | |
r-release-macos-arm64 | 0.2.0 | 27.00 | NOTE | |||
r-release-macos-x86_64 | 0.2.0 | 40.00 | NOTE | |||
r-release-windows-x86_64 | 0.2.0 | 11.00 | 65.00 | 76.00 | OK | |
r-oldrel-macos-arm64 | 0.2.0 | 27.00 | NOTE | |||
r-oldrel-macos-x86_64 | 0.2.0 | 49.00 | NOTE | |||
r-oldrel-windows-x86_64 | 0.2.0 | 12.00 | 66.00 | 78.00 | OK |
Version: 0.2.0
Check: data for non-ASCII characters
Result: NOTE
Note: found 26 marked Latin-1 strings
Flavors: r-devel-linux-x86_64-fedora-clang, r-devel-linux-x86_64-fedora-gcc, r-oldrel-macos-arm64, r-oldrel-macos-x86_64
Version: 0.2.0
Check: installed package size
Result: NOTE
installed size is 5.3Mb
sub-directories of 1Mb or more:
data 5.2Mb
Flavors: r-release-macos-arm64, r-release-macos-x86_64, r-oldrel-macos-arm64