CRAN Package Check Results for Package PSGD

Last updated on 2024-06-14 00:53:54 CEST.

Flavor Version Tinstall Tcheck Ttotal Status Flags
r-devel-linux-x86_64-debian-clang 1.0.3 129.91 35.32 165.23 OK
r-devel-linux-x86_64-debian-gcc 1.0.3 82.86 26.38 109.24 ERROR
r-devel-linux-x86_64-fedora-clang 1.0.3 256.44 OK
r-devel-linux-x86_64-fedora-gcc 1.0.3 247.27 OK
r-devel-windows-x86_64 1.0.3 102.00 64.00 166.00 OK
r-patched-linux-x86_64 1.0.3 97.13 34.82 131.95 OK
r-release-linux-x86_64 1.0.3 102.98 35.09 138.07 OK
r-release-macos-arm64 1.0.3 85.00 NOTE
r-release-macos-x86_64 1.0.3 86.00 NOTE
r-release-windows-x86_64 1.0.3 101.00 68.00 169.00 OK
r-oldrel-macos-arm64 1.0.3 58.00 NOTE
r-oldrel-macos-x86_64 1.0.3 72.00 NOTE
r-oldrel-windows-x86_64 1.0.3 122.00 76.00 198.00 OK

Check Details

Version: 1.0.3
Check: package dependencies
Result: NOTE Package suggested but not available for checking: ‘testthat’ Flavor: r-devel-linux-x86_64-debian-gcc

Version: 1.0.3
Check: tests
Result: ERROR Running ‘testthat.R’ [0s/1s] Running the tests in ‘tests/testthat.R’ failed. Complete output: > library(testthat) Error in library(testthat) : there is no package called 'testthat' Execution halted Flavor: r-devel-linux-x86_64-debian-gcc

Version: 1.0.3
Check: installed package size
Result: NOTE installed size is 5.1Mb sub-directories of 1Mb or more: libs 5.0Mb Flavors: r-release-macos-arm64, r-release-macos-x86_64, r-oldrel-macos-arm64, r-oldrel-macos-x86_64